ivative of 5/6*b**3 - 15*b - 1/6*b**4 + p*b**2 + 0. What is h(4)?
-11
Let m(k) = 2*k - 1. Let f be m(1). Let y = -2 + f. Let g(q) = 2775*q + 43. Let o(x) = -3238*x - 50. Let z(a) = 7*g(a) + 6*o(a). What is z(y)?
4
Suppose -4*o + 6 = 2*y, y - 4*y = o - 14. Suppose -g + 2059 = 5*t, y*t + 2*g = 7*g + 2035. Let w(z) = -t + 0*z + 410 - 5*z**3 - 2*z - z**2. What is w(-1)?
5
Let j(q) = -20*q - q**2 - 46*q - 206 + 37*q - 19*q. Determine j(-43).
9
Let k be ((-12)/15)/(520/(-12350)). Let q(r) = 2*r**3 - 37*r**2 - 21*r + 45. Calculate q(k).
7
Let m(o) = -o**3 - o**2 + 12*o. Let q be m(3). Let j(z) = 10*z**2 + 4*z - 19. Let c(v) = 7*v**2 + 3*v - 13. Let u(d) = -7*c(d) + 5*j(d). Determine u(q).
-4
Let z(c) = 4*c - 9. Suppose 0 = -4*d - 2*n - 34, -2*n + 0*n + 8 = -2*d. Let l(y) = -5*y + 10. Let r(w) = d*z(w) - 6*l(w). Give r(5).
13
Let q(n) = -5*n**2. Let x be ((-1)/(-2))/((-3)/(-78)) - 4. Let w = 8 - x. What is q(w)?
-5
Suppose -c - x = 0, 4 = -3*c + 2*c - 3*x. Let d(y) = 11*y**3 - y**2 + 2*y - 1. What is d(c)?
87
Suppose 29 = -3*i - 4*h + 9, 5*i + 4*h = -28. Let g(k) = -15*k - 6. What is g(i)?
54
Let q(f) = -f**2 - 2. Suppose 18 = 3*p + 5*r + 1, -2*p - 3*r + 12 = 0. Let z be 4 + (-2 - -2) - p. Calculate q(z).
-27
Let t = -16 + 21. Let g(p) be the first derivative of p**2/2 - p - 6923. Calculate g(t).
4
Let g(x) be the second derivative of -1 + 7/12*x**4 - 7*x + 1/3*x**3 - 9/2*x**2 - 1/20*x**5. Suppose -21 = -8*b + 35. Determine g(b).
5
Let v = 461 - 453. Let j(k) = -13*k + 98. Let q be j(v). Let t(p) = p**3 + 7*p**2 + 9*p + 12. Give t(q).
-6
Let h(k) = 6*k + 5*k**2 - k + 0*k + 204 + 4*k**2 - 198. What is h(-1)?
10
Let f(z) be the first derivative of -z**2/2 + 3*z + 1734. What is f(-10)?
13
Let u(s) = -7*s**3 + 0*s**3 + 8*s**3 - 95*s**2 + 25 + 110*s**2. Calculate u(-15).
25
Let k = -16855 + 16857. Let v(a) = 21*a - 30. Give v(k).
12
Let l = 9 - 14. Suppose -6*d - 4 = -22. Let h(m) = -17*m - 3. Let r(w) = -9*w - 2. Let f(q) = d*h(q) + l*r(q). What is f(2)?
-11
Let x(m) = m**3 + 3*m**2 - 3*m + 5. Let g be x(-4). Let a(z) be the third derivative of z**5/20 + z**4/24 - z**2 + 9*z. Give a(g).
4
Let v(q) be the first derivative of -q**2/2 + 5*q + 1472. Calculate v(-24).
29
Suppose -p = -4 + 19. Let a = p - -11. Let g(x) = 3*x**2 - 9*x - 11. Let k(t) = t**2 - t - 2. Let r(q) = g(q) - 4*k(q). Give r(a).
1
Let j(c) be the third derivative of c**9/60480 + c**7/2520 - c**6/720 - 4*c**5/15 - 15*c**2 + 7*c. Let p(y) be the third derivative of j(y). What is p(1)?
2
Let h(a) = -9*a + 37. Let r(x) = 2*x**2 - 39*x + 118. Let u be r(16). What is h(u)?
-17
Let u(k) be the first derivative of k**4/4 - 8*k**3/3 - k**2 - 6*k + 901. Give u(8).
-22
Let z(g) = -2*g. Let b be (-2 - 2)/4*-1. Suppose 3*f + 1 = h, 2*h + b = 3*h. Suppose f = -m - s, -m + 5 + 4 = -2*s. Determine z(m).
-6
Let q(s) = 25*s + 247. Let a be (-1)/24*-8*-30. Give q(a).
-3
Let m be (-8)/12*3*(-9)/(-6). Let o be (m*2/(-2))/(15/(-20)). Let p(s) be the second derivative of -s**3/3 - 5*s**2/2 - 3*s. Determine p(o).
3
Let u(v) be the first derivative of 1/4*v**4 - 4/3*v**3 - 23 - 5/2*v**2 + 4*v. Determine u(5).
4
Suppose -2*m + 5*x - 58 + 75 = 0, 0 = 2*m + 2*x + 4. Let o(w) = 64*w - 1. What is o(m)?
63
Let z(o) = 8*o**2 - 153*o + 23. Let c = -149 - -168. Let m be z(c). Let r(p) be the third derivative of -p**4/8 + 5*p**3/6 - 2*p**2. Give r(m).
-7
Let k(q) = -2*q**2 + 6*q - 2. Let t be 7 - (-8 + 8 + 3). Let r(p) = -2*p**2 + 5*p - 3. Let a(l) = t*r(l) - 3*k(l). Determine a(2).
-10
Let b(n) = 0*n**2 + n**2 + 343*n - 15 + 71 - 358*n. Calculate b(9).
2
Suppose -41*b + 33*b = -72. Let s(v) = 103 - 6*v - b*v - v**2 - 282 + 140. Determine s(-12).
-3
Let l(h) = 2*h**2 - 3*h + 1. Let k be l(2). Let f(o) = -2*o + 14. Let s(d) = 8 + 4 - d + 6 - 11. Let z(m) = k*f(m) - 5*s(m). Calculate z(5).
2
Suppose -92*k = -104*k. Let w(o) = -8*o + 79 - 3*o**2 + k*o - 159 + 2*o**2 + 76. Suppose -4*t = i + 18, 4*t + 4*i = -i - 10. Calculate w(t).
11
Suppose -67*n = -1088 - 5344. Let c = n - 92. Let m(i) = -i**2 + 2 + i + 5*i - 4. Calculate m(c).
6
Let r(t) = t + 3. Let y(f) = 4*f + 16. Let h(q) = -11*r(q) + 2*y(q). Suppose -5*v + 2*z = 12, 4*v = -z - 2*z - 5. Let m be ((-7)/(-35)*5)/(v/4). Calculate h(m).
5
Let v(c) = -5*c + 7. Let x be v(1). Let s(h) = 4*h - 2*h**2 + 4*h**2 - 3*h + 0*h**2. Calculate s(x).
10
Let t be 18 + (-20 - 64/16). Let f(z) = z**2 + 13*z + 36. What is f(t)?
-6
Let g(t) = 11*t - 1. Let j = -92 - -93. Suppose -3*i + 5*n = -89, -22 = -i - 5*n + j. Suppose r - 29 = -i. Determine g(r).
10
Let n(r) be the second derivative of -73*r**3/6 + r**2/2 - 2*r - 237. Give n(1).
-72
Let w(s) = 11*s + 36. Suppose -19*n = -210*n. Give w(n).
36
Let x be 14/259 + (-630)/(-666). Let i(z) = 6*z - 8. Determine i(x).
-2
Let p(n) = -7*n**2 - 63 - 23*n**3 - 3*n + 22*n**3 + n + 71. Determine p(-5).
-32
Let u(w) = -w**3 - 9*w**2 + 11*w + 5. Let p be (12/(-2))/(1*(-6)/100). Let m = p - 119. Let d be 2/4*m - (-15)/(-30). What is u(d)?
-5
Suppose -s - 4*b + 32 = 48, 2*b - 12 = 2*s. Let g(x) = 2*x - 3. Let a be g(2). Let h(z) = -8 - 2*z - 3 - a. What is h(s)?
4
Let o(a) = 17*a - 69. Let f be (-14)/(-98) - -3*63/49. What is o(f)?
-1
Let y be (-3)/(-12) + 0 + 63/4. Let h(t) = -2 + 3*t**3 - y*t + 17*t - 2*t**2 + 3*t**2 - 2*t**3. Determine h(1).
1
Let j(k) = 40*k - 3. Let w(o) = -88*o + 6. Let s(v) = -13*j(v) - 6*w(v). What is s(-4)?
-29
Let g be (-3)/(-6)*-172 - -2. Let f = g + 84. Let n(a) = 0 + 4 - a**2 + f - 1 + 4*a. What is n(4)?
3
Let h(w) = w**2 + 10*w + 1. Let l = 3031 + -3037. What is h(l)?
-23
Let u(k) = k**2 + 5*k - 1. Suppose 0 = 35*z + 1329 - 1189. Calculate u(z).
-5
Let h(w) = -w. Let m(q) = -2 + 6 + 6 + 2*q. Let x be (-48 - -55) + -1*8/2. Let f(o) = x*h(o) + m(o). Calculate f(10).
0
Let r(j) be the second derivative of -j**5/20 + 3*j**4/4 - 7*j**3/6 - 11*j**2/2 + 1229*j + 3. Let u = 3 - -5. Give r(u).
-3
Let c(u) be the second derivative of u**4/6 - 73*u**3/6 + 39*u**2/2 + 184*u + 3. Calculate c(36).
3
Let v(f) = -f**3 + 2*f**2 + 13*f - 14. Let l(d) = -d**3 - 4*d**2 + 125*d + 504. Let n be l(-4). Calculate v(n).
6
Suppose -2*a + 3*j - 21 = -2*j, -5*a = -2*j. Suppose -8 = 2*h - 2, 3*v = 5*h + 20055. Let g(w) = -v + 6680 - w. Give g(a).
-2
Let b(s) = -44*s + 60*s - 12 + 2 - 9*s - 5*s. Give b(3).
-4
Let a(y) = 10*y - y**2 - 59157 - 3*y + 59141 - y**2. Calculate a(3).
-13
Let m(u) = -2*u - 115*u**2 + 1 + 168*u**3 + 106*u**2 + 6 - 167*u**3. What is m(9)?
-11
Let n(p) = 2*p - 377 + 5*p - 18*p. Let i be n(-34). Let y(a) = 3 + 2 + 4*a + 3*a**2 - 6. Calculate y(i).
14
Let w(k) = 12*k - 3*k + 4 + 9*k - 9*k + k**2. Give w(-11).
26
Let g(j) = -3*j**2 - 4*j + 2 + 99*j**3 - 57*j**3 - 38*j**3. Give g(3).
71
Suppose -3*k - 5*t + 150 = 185, -5*k + 3*t - 47 = 0. Let u(o) = -3*o + 31. Determine u(k).
61
Let h(r) = -174 + 119*r - 109*r + r**2 - 167. Give h(14).
-5
Let k(v) = v**3 - v. Let o(d) = -d**3 + 13*d**2 + 11*d + 41. Let j be o(14). Let m(x) = -5*x**3 - 4*x**2 + 11*x + 1. Let s(a) = j*m(a) - 4*k(a). Give s(-6).
-31
Let b(w) be the first derivative of -42*w**2 - 343*w + 11719. What is b(-4)?
-7
Let y = -2126 + 2125. Let k(p) = 9*p**3 - p**2 + 1. Calculate k(y).
-9
Let i be 4 + (-8)/(-6 + 10). Suppose 5*w = -i*l - 21, 7*w + 3*l + 3 = 9*w. Let g(t) = t**3 + 6*t**2 + 4*t. Give g(w).
15
Let g = 34 - 29. Suppose 0 = 2*f - g*f + 4*j - 35, 3*f + j = -10. Let b(z) = -3*z + 6. Calculate b(f).
21
Suppose 9*z - 268 = -34. Let f(t) = -2*t**2 + 53*t - 31. Let c be f(z). Let u(i) = -i + 2. Calculate u(c).
7
Suppose -5*l + 392 = -953. Let x = l + -269. Let b(s) = -s + 11. Calculate b(x).
11
Let r(j) = -4 - 46*j + 60*j - 35*j + 0. Let y(u) = 42*u + 7. Let t(h) = -5*r(h) - 3*y(h). Give t(-1).
20
Let t(o) = -o**3 - 13*o**2 + 29*o - 37. Let c be (309 + -315)/((-4)/(-10)). What is t(c)?
-22
Let m be ((-11)/2 + 5)*-10. Let d(q) = -m*q - 4*q - 8 - 5*q**2 + 4*q**2 + 22. What is d(-10)?
4
Let t(q) be the first derivative of -9*q**2 + 1815. Determine t(6).
-108
Let q(t) = -3*t**3 - 30*t**2 + 2*t + 13. Let k = -2614 - -2604. Calculate q(k).
-7
Let w(q) = -q**3 + q**2 - 2*q - 9. Let x be w(-3). Let m = -28 + x. Let v(c) = c**2 - 6*c - 3. Give v(m).
-8
Let i(r) = -r**3 + 3*r**2 + 6*r - 3. Let d = 104 - 109. Let n be -5*((-32)/(-10) - (d + 9)). Determine i(n).
5
Suppose 0 = -19